 + 70093179. What is q(-162)?
-9
Let x(a) = 9*a**3 + 162*a**2 + 193*a - 188. Give x(-2).
2
Let r(a) = -6*a**2 - 303*a - 3239. What is r(-39)?
-548
Let s(h) = -h**3 - 5*h**2 - 16*h - 3059. Calculate s(-16).
13
Let a(o) = o**3 - 65*o**2 + 986*o - 486. Give a(42).
354
Let k(z) = -38500*z + 1655422. Determine k(43).
-78
Let l(s) = s**3 - 2*s**2 + 5146*s + 12. Determine l(0).
12
Let g(a) = 230832*a + 15004085. Give g(-65).
5
Let z(u) = 66*u - 11856. Determine z(180).
24
Let g(k) = 3041*k - 73096. Calculate g(24).
-112
Let p(v) = v**2 - 197*v + 9737. Calculate p(95).
47
Let u(f) = -8*f**2 + 1732*f - 10879. What is u(210)?
41
Let k(z) = 4*z**3 - 110*z**2 - 24*z + 2231. What is k(27)?
125
Let n(w) = 5*w**2 + 4169*w - 33687. Give n(8).
-15
Let x(v) = -558*v + 27109. What is x(49)?
-233
Let d(c) = c**3 - 155*c**2 - 816*c + 102979. Determine d(156).
19
Let p(d) = -247*d**2 - 92631*d - 2353. What is p(-375)?
-103
Let x(n) = 2*n**3 - 133*n**2 + 2091*n - 6. Give x(41).
-6
Let t(q) = 2123*q**2 - 70060*q + 19. What is t(33)?
-14
Let z(f) = 11*f**2 - 408288*f - 408287. What is z(-1)?
12
Let r(x) = 124*x + 595. Calculate r(-3).
223
Let x(b) = 742*b + 17800. Calculate x(-22).
1476
Let l(g) = -139554*g + 1116288. What is l(8)?
-144
Let u(x) = -4*x**2 - 521*x - 2510. Calculate u(-5).
-5
Let i(k) = -10881*k - 118874. Determine i(-11).
817
Let w(r) = r**3 - 104*r**2 - 332*r + 34605. Calculate w(104).
77
Let r(d) = 22*d**3 - 21*d**2 + 94*d + 55. Calculate r(5).
2750
Let j(p) = -50*p**2 + 1595*p - 74. What is j(32)?
-234
Let f(q) = -4*q**2 - 151*q + 4124. What is f(24)?
-1804
Let d(r) = 8*r**3 - 314*r**2 + 85*r - 506. Give d(39).
-233
Let o(b) = -301799*b - 6941379. Determine o(-23).
-2
Let r(u) = -281*u + 1605. What is r(6)?
-81
Let h(x) = 3*x**2 - 916*x + 13334. Give h(290).
-6
Let u(x) = -x**2 + 457*x + 148898. Determine u(-220).
-42
Let j(n) = -2*n**3 + 846*n**2 + 976*n - 54266. Calculate j(424).
6
Let q(x) = 156*x + 4019. Determine q(-25).
119
Let t(q) = 2*q**3 - 1205*q**2 + 390*q + 127664. Determine t(602).
40
Let a(b) = -8*b**3 + 2*b**2 + 31*b + 16. Calculate a(-5).
911
Let k(w) = -134*w**2 - 16743*w + 862. Determine k(-125).
-13
Let o(y) = -304*y - 12097. What is o(-39)?
-241
Let q(z) = -z**2 - 170*z - 6895. Give q(-67).
6
Let d(o) = 20774*o - 12173555. Calculate d(586).
9
Let i(y) = 4*y**3 + 227*y**2 + 171*y + 165. What is i(-56)?
-3
Let n(o) = -2*o**3 + 115*o**2 - 1237*o - 86. Determine n(17).
2294
Let d(a) = 2*a**3 + 601*a**2 + 337*a + 11020. Calculate d(-300).
-80
Let l(t) = 338*t**2 - 2843*t + 1106. Give l(8).
-6
Let s(t) = 2*t**3 + 212*t**2 - 7824*t + 26. Calculate s(29).
200
Let t(s) = -3537*s + 208644. Calculate t(59).
-39
Let y(h) = 2*h**3 + 418*h**2 - 930*h - 18104. Calculate y(-211).
42
Let s(d) = -d**3 + 746*d**2 + 6048*d - 4511812. Determine s(746).
-4
Let m(q) = 55081*q - 330382. Calculate m(6).
104
Let r(q) = 10*q**2 - 16*q + 108. What is r(7)?
486
Let a(m) = -2*m**2 - 240*m + 35698. What is a(-206)?
266
Let y(a) = -1690*a - 48909. Determine y(-29).
101
Let y(p) = 3*p**2 + 70*p - 21. Calculate y(-11).
-428
Let u(d) = -2*d**3 + 808*d**2 - 1075*d + 108333. Give u(403).
-74
Let w(s) = 81650*s - 734744. What is w(9)?
106
Let f(r) = -28*r**2 - 1128*r + 1943. Determine f(-42).
-73
Let u(s) = -145*s**2 + 3420*s - 5074. Calculate u(22).
-14
Let h(s) = s**2 + 6531*s + 1624461. Calculate h(-259).
13
Let t(g) = -127892*g - 511584. Give t(-4).
-16
Let k(b) = 27*b - 348. What is k(31)?
489
Let h(x) = -2*x**3 - 338*x**2 - 1624*x + 2627. What is h(-164)?
3
Let h(y) = -37779*y - 37706. Calculate h(-1).
73
Let g(n) = -n**2 + 1032*n - 14240. Calculate g(14).
12
Let r(k) = 62*k**3 - 185*k**2 + 98*k - 10. Give r(4).
1390
Let i(s) = 4*s**2 - 24*s - 557. Determine i(16).
83
Let g(n) = -n**3 - 5*n**2 + 61*n + 353. Determine g(-6).
23
Let p(h) = -12*h**3 + 12*h**2 + 7646*h + 15239. Determine p(-2).
91
Let k(h) = 262*h + 3232. Determine k(-15).
-698
Let j(m) = -4594*m + 601817. Calculate j(131).
3
Let b(d) = -d**3 - 536*d**2 + 1751*d + 72185. Give b(-539).
-41
Let r(d) = -206*d - 53. Calculate r(1).
-259
Let m(a) = -8207*a + 16422. Give m(2).
8
Let u(a) = -2*a**2 - 18637*a + 149259. Give u(8).
35
Let b(y) = 177*y - 15106. What is b(79)?
-1123
Let d(k) = -3157*k - 3112. Determine d(0).
-3112
Let p(v) = 119*v**2 - 460*v - 15. Calculate p(6).
1509
Let m(g) = -7*g**3 + 90*g**2 + 28*g - 301. Calculate m(13).
-106
Let i(r) = -8*r**3 + 24*r**2 + 1295*r - 5039. Give i(4).
13
Let r(w) = 113*w - 29229. Give r(256).
-301
Let z(c) = -157682*c + 788373. What is z(5)?
-37
Let m(j) = -3*j**2 + 178*j + 3130. Give m(73).
137
Let p(b) = -9405*b + 460843. Calculate p(49).
-2
Let z(h) = 5*h**2 + 264*h + 2148. Determine z(-8).
356
Let m(n) = -5*n**2 - 36272*n - 108780. Give m(-3).
-9
Let d(n) = -236*n + 21705. What is d(92)?
-7
Let w(p) = -360*p**2 + 19441*p - 13. Determine w(54).
41
Let m(o) = -o**2 + 204*o + 16654. Give m(-63).
-167
Let y(k) = k**2 + 55*k - 56650. What is y(-267)?
-46
Let x(m) = 7*m**2 + 30*m - 1. Calculate x(-4).
-9
Let c(z) = z**3 + 9*z**2 + 61*z - 25. What is c(-7)?
-354
Let q(f) = 35*f**3 - 211*f**2 + 33*f - 80. Determine q(5).
-815
Let u(y) = -155*y - 10810. What is u(-104)?
5310
Let o(h) = -h**3 - 23*h**2 + 99*h - 17. Give o(-25).
-1242
Let v(m) = 274*m - 5937. Determine v(22).
91
Let z(n) = -109*n**3 + 41*n**2 - 75*n - 5. Determine z(2).
-863
Let o(p) = 5*p**3 + 32*p**2 - 502*p - 3368. What is o(-7)?
-1
Let d(v) = 9*v**2 + 1636*v + 22207. Determine d(-167).
-4
Let i(b) = b**3 - 14*b**2 - 69957*b + 839764. Determine i(12).
-8
Let c(f) = 29*f**2 + 1075*f + 9601. Determine c(-22).
-13
Let j(y) = 5350*y + 112337. Calculate j(-21).
-13
Let h(x) = x**3 + 240*x**2 + 878*x + 269676. Calculate h(-241).
-3
Let c(d) = -d**3 - 210*d**2 - 10737*d + 23606. What is c(-114)?
8
Let l(z) = 4425*z + 4378. Calculate l(-1).
-47
Let g(j) = 64*j - 1199. Give g(-1).
-1263
Let p(w) = 4*w**2 - 20*w + 53. Give p(5).
53
Let p(y) = 5457*y - 76164. Give p(14).
234
Let d(y) = 950479*y - 11405758. What is d(12)?
-10
Let r(k) = k**3 - 153*k**2 + 2173*k + 2598. Calculate r(137).
-5
Let b(v) = 60*v**2 + 1670*v + 10061. What is b(-19)?
-9
Let h(o) = 144*o**2 - 1834*o - 494. Give h(13).
0
Let y(m) = -90490*m - 8868026. Calculate y(-98).
-6
Let z(l) = -818794*l - 818827. Determine z(-1).
-33
Let t(n) = -3*n**2 + 564*n + 727. Give t(189).
160
Let w(a) = 102*a**3 - 1925*a**2 - 248*a + 16. Calculate w(19).
-3
Let h(g) = -g**3 - 70*g**2 + 1843*g + 125773. Calculate h(-71).
-39
Let h(m) = -m**3 + 5*m**2 + 3*m + 10. Determine h(12).
-962
Let y(p) = 7*p**2 - 2*p - 1736. Calculate y(16).
24
Let g(m) = 24304*m + 76265953. Determine g(-3138).
1
Let s(x) = 311045*x - 2177329. Give s(7).
-14
Let z(b) = 4*b**2 + 1306*b - 6532. Calculate z(5).
98
Let i(l) = 684*l**2 - 438444*l + 7. Give i(641).
7
Let a(r) = 18*r**2 + 275*r + 387. Calculate a(-13).
-146
Let r(f) = -593*f**2 - 4151*f - 20. Give r(-7).
-20
Let b(u) = -u**3 - 106*u**2 - 1599*u - 1377. Determine b(-88).
-57
Let k(r) = 36*r**2 + 49*r + 12. Determine k(4).
784
Let h(x) = -4*x**3 - 271*x + 517. What is h(2)?
-57
Let b(x) = 8253*x - 222628. Determine b(27).
203
Let w(x) = -x**3 + 77*x**2 - 352*x - 370. Calculate w(72).
206
Let k(v) = 83443*v - 333771. Calculate k(4).
1
Let o(m) = -10*m**3 - 1458*m**2 - 7284*m. What is o(-5)?
1220
Let x(p) = -729*p - 6585. What is x(-9)?
-24
Let b(h) = -58*h**2 - 333*h + 310. Give b(-3).
787
Let z(m) = 3*m**3 - 337*m**2 - 256*m - 672. Give z(113).
-4062
Let s(h) = 38*h**2 + 407*h - 41. Determine s(-11).
80
Let d(x) = 2*x**3 + 187*x**2 - 127*x - 3107. What is d(-94)?
-5
Let m(w) = 4*w**3 - 18*w**2 + 71*w - 270. What is m(4)?
-18
Let o(j) = 1277*j - 3651. Calculate o(2).
-1097
Let j(t) = 16*t**2 - 248*t + 532. Calculate j(13).
12
Let g(b) = -b**2 + 62*b + 10590. Calculate g(-76).
102
Let g(t) = 54202*t - 813026. Give g(15).
4
Let w(c) = -1667*c**2 - 158357*c + 768. Calculate w(-95).
8
Let k(p) = -239*p**2 + 174*p + 6. What is k(3)?
-1623
Let m(w) = -3*w**3 + 132*w**2 - 350*w - 1026. Give m(41).
-247
Let c(h) = 9571*h + 727391. What is c(-76)?
-5
Let b(u) = -135758*u - 1764845. Give b(-13).
9
Let y(k) = 685*k - 613. Give y(3).
1442
Let w(s) = 27*s**3 - 540*s**2 + 28*s - 2. Calculate w(20).
558
Let b(d) = -55*d**3 + 395*d**2